3457. Suppose -3*i + u - 1033 = 0. Is i a prime number?
False
Let k = 220751 + -113698. Is k a prime number?
True
Suppose -d + 1482 = 12*d. Suppose 4*y - 7*y = -d. Is y composite?
True
Let j(l) = 1290*l + 54. Let u be j(9). Let o = -7523 + u. Is o composite?
True
Suppose 0 = 5*k - 26 - 14. Let w be k + 2*5/(-2). Suppose -w*g - 5*s + 2*s + 3606 = 0, s = g - 1200. Is g composite?
False
Let i(a) = -510*a**3 + 2*a**2 - 5*a + 10. Is i(-7) a composite number?
True
Suppose 326*m - 5837150 = 276*m. Is m a prime number?
False
Let n(p) = -3*p**2 + 21*p - 16. Let o be n(6). Suppose -o*g = -2*b - 8098, 10320 + 5852 = 4*g + 2*b. Is g a composite number?
True
Suppose -3*u + 5*o + 17397 = 0, -5*u + 16*o - 14*o + 28976 = 0. Is u composite?
True
Is ((-32)/(-9 + 25))/((6/246407)/(-3)) composite?
True
Suppose 5*q + 4*k = 47263, -5*q = -25*k + 28*k - 47261. Is q prime?
False
Is -17735*(29/(-15))/((-20)/(-60)) a composite number?
True
Suppose 0 = -120*o + 124*o - 1559532. Is 1/(-5) - (-2)/(130/o) prime?
False
Let c(p) = -81*p - 11. Let i(o) = 5*o - 97. Let f be i(17). Is c(f) a composite number?
True
Let v be (-187)/(-4) + 3/12. Is v*127/(-4)*(-5 - -1) prime?
False
Let c = -272477 - -477184. Is c a prime number?
True
Suppose -51686 = 27*n - 251945. Is n a prime number?
True
Let x be 217766/14 + -4 + 2/7. Suppose 0 = -7*m + 35696 + x. Is m composite?
False
Suppose 90 = 2*s + 2*s + a, s + 4*a - 30 = 0. Suppose s*b - 569149 - 525637 = 0. Is b a composite number?
True
Suppose 5*x = 3*k + 18 + 22, -3*x - 2*k = -24. Is ((-38526)/x)/(3/(-4)) a prime number?
True
Suppose a = 2*q - 2, 14*a + 17 = 19*a - q. Let d = 0 - -4. Is 5671/d + a/16 composite?
True
Suppose 15877 = 21*n - 621662. Is n a prime number?
False
Suppose -90702331 - 41394824 = -397*v + 28561996. Is v prime?
False
Let t(v) = -45*v**3 + 16*v**2 + 10*v - 70. Let i(h) = -22*h**3 + 8*h**2 + 6*h - 35. Let d(m) = 13*i(m) - 6*t(m). Is d(-9) composite?
True
Is (1/4)/((-2)/(-4601508)*(-24)/(-16)) a prime number?
True
Let f(a) = -96*a**3 - 81*a**2 + 9*a + 7. Is f(-25) a prime number?
False
Let x be (-25)/4*(-96)/60. Is 5 - (-4183 + -8 - x/2) a composite number?
False
Let j(f) = 81*f**2 + 21*f + 155. Is j(22) a composite number?
False
Let f(q) = -2*q**3 + 10*q**2 - 9*q + 17. Let c be f(4). Suppose 15*v = c*v + 26002. Suppose -v = -6*b + 19825. Is b composite?
False
Let s = 785329 - 533366. Is s a composite number?
True
Let g = -1224260 + 2937317. Is g prime?
False
Let h(m) = 33*m + 53. Let u(b) = -64*b - 106. Let j(d) = -11*h(d) - 6*u(d). Is j(22) a prime number?
False
Let a(y) = -4234*y + 3537. Is a(-80) prime?
True
Suppose -56*a = -57*a + 16. Let w be 8*(-4 + 36/a). Let d = 1205 + w. Is d a prime number?
False
Suppose 5*d + 21 = 1, -l = -3*d - 10. Let w(s) = 152*s**3 + 3*s**2 + s - 4. Let c be w(l). Let u = -699 - c. Is u composite?
True
Let d = -19 + 23. Suppose -d*m + 3988 = 1524. Suppose 3*c - 3943 = -m. Is c a prime number?
True
Suppose u + 14 = 3*o, 3*o - 3 = -u + 1. Let t be u/(5/1) + (6 - 1). Is 53/(t - 201/51) a composite number?
True
Suppose -6*x + 31462 = -4*x + 4*d, -62910 = -4*x - d. Is x prime?
True
Let c(g) = -9*g - 9. Let k be c(7). Let f = 66 + k. Is (4/f)/((-2)/7413) prime?
False
Let y(k) = -k**3 + 7*k**2 - 3*k - 6. Let o be y(7). Let u = o - -27. Is (467 - u) + -1 + 3 composite?
True
Is (-102533)/((-12 - -4)/8) composite?
False
Let l = -392204 + 782245. Is l a prime number?
False
Let i(y) = -47001*y + 1630. Is i(-9) a composite number?
False
Let h = -32 + 34. Suppose -h*r = 4*d - 9*d + 36, -3*d + 24 = -2*r. Suppose 1191 = d*z - 3*z. Is z prime?
True
Suppose 3*k + 4 = 3*d + 1, 3*k - 3 = -3*d. Is ((-9)/(-12) - d) + 94500/80 composite?
False
Is 1/((-29)/290) + (1 - -31886) a prime number?
False
Let c(u) be the second derivative of u**4/12 + u**3/6 + 7*u**2/2 + 20*u. Let r be c(0). Suppose -r*j + 1806 = -2737. Is j prime?
False
Let a be 1 - (-51)/(-4 + 7). Suppose -5*q = 5*b + 25, -3*q + q = 4*b + a. Is -4 - (204/q + -3) composite?
True
Suppose -32*g + 79390 = 2*g. Is g a prime number?
False
Suppose 4*m = 3*i - 232, 0*m + m - 5*i + 41 = 0. Let r = m + 930. Is r a prime number?
False
Let r(n) = -564*n**3 + 6*n**2 + 20*n + 1. Is r(-6) a prime number?
True
Suppose 39*r - 34943431 - 23384160 = -14969770. Is r a prime number?
False
Suppose 0 = -39*a + 42*a + l - 354100, -2*l = 5*a - 590167. Is a a composite number?
False
Let m = 67489 + -41826. Is m a prime number?
False
Let t(d) = -566*d + 617183. Is t(0) a prime number?
False
Let a = 1377 - 772. Suppose 0*b - y = 2*b - 3269, 2*y = -2*b + 3266. Let n = b - a. Is n a composite number?
False
Is 472502 - (16 - (-4 + 1)) a composite number?
True
Suppose -3*r - 6 = -2*s, s - 3 = -5*r - 0*s. Let o(u) = -u**2 - 5*u + 56. Let v be o(r). Suppose 4*i = 3*g + 1042, -v = i + 4*g - 326. Is i a composite number?
True
Suppose -t + 2 = 0, x + 3*t = -4*x - 124. Is 197665/x*(-1 - 1) composite?
True
Let c(r) = 4257*r - 12025. Is c(178) prime?
False
Let z(q) = 5*q**2 - 2*q - 2. Let c be z(4). Suppose 14 = 7*v + c. Let a(p) = -2*p**3 - 6*p**2 + 3*p - 3. Is a(v) a composite number?
False
Suppose 0 = -98*o + 7226843 - 3532420 + 14145595. Is o a prime number?
True
Let p = -1527 - 2168. Let y = p - -7212. Is y a prime number?
True
Let p(a) = 19*a**3 - 8*a**2 + 8*a + 4. Let t(x) = 6*x**2 - 4*x - 3. Let y be t(-1). Is p(y) a composite number?
True
Let y = -82 - -86. Suppose -5*w - 2*d - 2804 = -56543, -y*d - 32259 = -3*w. Is w composite?
True
Suppose 3*i + 64*o - 30 = 66*o, -i + 3*o + 24 = 0. Suppose -1 = -z + 1. Suppose -z*q + i*q - 1196 = 0. Is q composite?
True
Suppose -5*m + 2*i = -1869027, -8*i + 1495224 = 4*m - 9*i. Is m prime?
False
Let y = 383010 - 163363. Is y a composite number?
False
Let a(y) = -13*y**3 + 13*y**2 + 1130*y - 7. Is a(-24) a composite number?
False
Suppose 4*j = -3458 + 926. Let c = 1709 + -157. Let d = c + j. Is d a prime number?
True
Let l be (-32)/(-24) + 4786/6. Suppose -l = -3*s + 1034. Is s a prime number?
False
Suppose 0 = -60739*u + 60749*u - 2832670. Is u composite?
False
Let q(d) = -d**2 - 9*d - 4. Let c be q(-8). Suppose -3*o + 261 = c*w, -5*w = -2*o - w + 154. Is o a composite number?
False
Let l = 51 - 48. Let y be (-4)/(-3)*l + 0 + -2. Let z(w) = 201*w + 5. Is z(y) a composite number?
True
Suppose -180*m - 9673873 = -12*m - 38469241. Is m a composite number?
False
Let c = -1824 + 3631. Suppose -25*t + c = -1918. Is t prime?
True
Let h = -62 - -60. Let j be -65*((-39)/15 + (-6)/h). Is 4/j - 16303/(-91) a prime number?
True
Suppose -69*g + 90*g = 84. Suppose -5*f + 3313 = 3*p - 8091, 0 = -g*p + f + 15167. Is p composite?
False
Let s be (-39516)/(-18) + 3*(-5)/(-9). Let w = s + -816. Is w prime?
True
Suppose -y + 21 = 2*y. Let o(p) = 19*p - 14 + 47 - 17 - 2*p**2 - 18 + 2*p**3 - 10. Is o(y) composite?
False
Suppose 14*l = 33511 + 64615. Is l prime?
False
Suppose -303 + 83 = 5*n. Let x = 46 + n. Is (437/x)/(1/2) a prime number?
False
Suppose 72*v = 28*v + 1600676. Is v a prime number?
False
Let g = -170977 + 267966. Is g a composite number?
False
Let x(r) = 66*r**2 + 35*r - 490. Is x(27) a composite number?
True
Let s be (-4 + -1)*11/((-110)/28). Suppose -z = -i + 4*i - 18, 4*i - 24 = z. Is 4/(-14) + 15138/s + i a composite number?
False
Suppose 52*s = 51*s + 55949. Suppose 6*m - 5*m - s = 0. Is m a prime number?
True
Let w = 21187 + -13686. Is w composite?
True
Let h(c) = 658*c**2 - 4*c + 13. Is h(-8) a prime number?
True
Suppose 5*a = -2*y - 13760 - 8375, a + 4415 = 2*y. Let c be a/(-45)*(8 + 1). Is (c/10)/(6/20) a prime number?
False
Let z = -109 - -109. Suppose -5*x + 15*x - 8390 = z. Is x a composite number?
False
Is (-219988)/(-4) - (11 + (12 - 27)) a composite number?
False
Let v = -6917 - -9796. Suppose 3*y - z = v, -5*y + 4404 = -z - 391. Is y - ((-3)/4 - 90/(-24)) prime?
False
Let i = 514600 - 303992. Suppose -c + 17*c = i. Is c composite?
False
Suppose -5*k - 5*a + 30 = 0, 3*a - 2 - 5 = -2*k. Suppose 0 = k*m - 16*m - 20. Let f(i) = 48*i**2 + 4*i - 7. Is f(m) composite?
True
Let g(h) = -h**2 + 23*h + 1412. Is g(-22) prime?
False
Let r = -3768 + 5604. Suppose 5*k - 4946 = -2*h - 1259, h + k - r = 0. Is h prime?
True
Suppose 15*u = 14*u + 36. Suppose 0 = u*j - 33*j - 7407. Suppose f = -4*t + 3766, 4*t - 1287 = 4*f + j. Is t a prime number